{"id":509,"date":"2025-11-22T08:16:27","date_gmt":"2025-11-22T07:16:27","guid":{"rendered":"https:\/\/kiosk.caves-guerin.fr\/?post_type=product&#038;p=509"},"modified":"2025-11-22T08:17:58","modified_gmt":"2025-11-22T07:17:58","slug":"rozelieures-subtil-collection","status":"publish","type":"product","link":"https:\/\/kiosk.caves-guerin.fr\/index.php\/produit\/rozelieures-subtil-collection\/","title":{"rendered":"ROZELIEURES SUBTIL COLLECTION"},"content":{"rendered":"<h2>40\u00b0 &#8211; 70cl Origine France<\/h2>\n<p>AR\u00d4ME<br \/>\nC\u00e9r\u00e9ales &#8211; Floral<\/p>\n<p>D\u00e9couvrez le premier whisky non tourb\u00e9 de Rozelieures qui conserve plus que jamais ce gras en bouche devenu la signature de la Maison familiale. Ar\u00f4mes subtils et floraux pour cette vraie nouveaut\u00e9.<\/p>\n<p>NEZ<br \/>\nc\u00e9r\u00e9ales malt\u00e9es, confiture de coing.<\/p>\n<p>BOUCHE<br \/>\ngrasse, fruits confits, vanille.<\/p>\n<p>FINALE<br \/>\nc\u00e9r\u00e9ales fondues, gourmande, longue.<\/p>\n<p>&nbsp;<\/p>\n","protected":false},"excerpt":{"rendered":"<p>40\u00b0 &#8211; 70cl Origine France AR\u00d4ME C\u00e9r\u00e9ales &#8211; Floral D\u00e9couvrez le premier whisky non tourb\u00e9 de Rozelieures qui conserve plus que jamais ce gras en bouche devenu la signature de la Maison familiale. Ar\u00f4mes subtils et floraux pour cette vraie nouveaut\u00e9. NEZ c\u00e9r\u00e9ales malt\u00e9es, confiture de coing. BOUCHE grasse, fruits confits, vanille. FINALE c\u00e9r\u00e9ales fondues,<\/p>\n<div class=\"more-link\">\n             <a href=\"https:\/\/kiosk.caves-guerin.fr\/index.php\/produit\/rozelieures-subtil-collection\/\" class=\"theme-btn\"><span>Continue Reading <\/span><i class=\"bi bi-arrow-right\"><\/i><\/a>\n        <\/div>\n","protected":false},"featured_media":510,"comment_status":"open","ping_status":"closed","template":"","meta":[],"product_brand":[],"product_cat":[22],"product_tag":[],"class_list":{"0":"post-509","1":"product","2":"type-product","3":"status-publish","4":"has-post-thumbnail","6":"product_cat-whisky","8":"first","9":"instock","10":"shipping-taxable","11":"product-type-simple"},"_links":{"self":[{"href":"https:\/\/kiosk.caves-guerin.fr\/index.php\/wp-json\/wp\/v2\/product\/509","targetHints":{"allow":["GET"]}}],"collection":[{"href":"https:\/\/kiosk.caves-guerin.fr\/index.php\/wp-json\/wp\/v2\/product"}],"about":[{"href":"https:\/\/kiosk.caves-guerin.fr\/index.php\/wp-json\/wp\/v2\/types\/product"}],"replies":[{"embeddable":true,"href":"https:\/\/kiosk.caves-guerin.fr\/index.php\/wp-json\/wp\/v2\/comments?post=509"}],"wp:featuredmedia":[{"embeddable":true,"href":"https:\/\/kiosk.caves-guerin.fr\/index.php\/wp-json\/wp\/v2\/media\/510"}],"wp:attachment":[{"href":"https:\/\/kiosk.caves-guerin.fr\/index.php\/wp-json\/wp\/v2\/media?parent=509"}],"wp:term":[{"taxonomy":"product_brand","embeddable":true,"href":"https:\/\/kiosk.caves-guerin.fr\/index.php\/wp-json\/wp\/v2\/product_brand?post=509"},{"taxonomy":"product_cat","embeddable":true,"href":"https:\/\/kiosk.caves-guerin.fr\/index.php\/wp-json\/wp\/v2\/product_cat?post=509"},{"taxonomy":"product_tag","embeddable":true,"href":"https:\/\/kiosk.caves-guerin.fr\/index.php\/wp-json\/wp\/v2\/product_tag?post=509"}],"curies":[{"name":"wp","href":"https:\/\/api.w.org\/{rel}","templated":true}]}}