{"id":447,"date":"2025-11-21T15:06:24","date_gmt":"2025-11-21T14:06:24","guid":{"rendered":"https:\/\/kiosk.caves-guerin.fr\/?post_type=product&#038;p=447"},"modified":"2025-11-21T15:07:49","modified_gmt":"2025-11-21T14:07:49","slug":"la-maison-du-rhum-tradition-espagnole-xo","status":"publish","type":"product","link":"https:\/\/kiosk.caves-guerin.fr\/index.php\/produit\/la-maison-du-rhum-tradition-espagnole-xo\/","title":{"rendered":"LA MAISON DU RHUM &#8211; TRADITION ESPAGNOLE XO"},"content":{"rendered":"<h2>43\u00b0 &#8211; 70cl &#8211; Origine Monde<\/h2>\n<p>V\u00e9ritable hommage au style hispanique, ce rhum vieux XO, s\u00e9lectionn\u00e9 par La Maison du Rhum, est un assemblage de rhums du Paraguay, du Guatemala et du Panama.<br \/>\nCe rhum XO r\u00e9v\u00e8le un profil aromatique gourmand et complexe.<br \/>\nChaque embouteillage est r\u00e9alis\u00e9 avec minutie afin de pr\u00e9server le caract\u00e8re original de la cuv\u00e9e s\u00e9lectionn\u00e9e.<\/p>\n<p>NEZ<br \/>\nfruit\u00e9, bois\u00e9, vanille<\/p>\n<p>BOUCHE<br \/>\ngourmande, \u00e9pices douces, fruits compot\u00e9s<\/p>\n<p>FINALE<br \/>\nriche, vanille, bois\u00e9 fondu<\/p>\n","protected":false},"excerpt":{"rendered":"<p>43\u00b0 &#8211; 70cl &#8211; Origine Monde V\u00e9ritable hommage au style hispanique, ce rhum vieux XO, s\u00e9lectionn\u00e9 par La Maison du Rhum, est un assemblage de rhums du Paraguay, du Guatemala et du Panama. Ce rhum XO r\u00e9v\u00e8le un profil aromatique gourmand et complexe. Chaque embouteillage est r\u00e9alis\u00e9 avec minutie afin de pr\u00e9server le caract\u00e8re original<\/p>\n<div class=\"more-link\">\n             <a href=\"https:\/\/kiosk.caves-guerin.fr\/index.php\/produit\/la-maison-du-rhum-tradition-espagnole-xo\/\" class=\"theme-btn\"><span>Continue Reading <\/span><i class=\"bi bi-arrow-right\"><\/i><\/a>\n        <\/div>\n","protected":false},"featured_media":448,"comment_status":"open","ping_status":"closed","template":"","meta":[],"product_brand":[],"product_cat":[21],"product_tag":[],"class_list":{"0":"post-447","1":"product","2":"type-product","3":"status-publish","4":"has-post-thumbnail","6":"product_cat-rhums","8":"first","9":"instock","10":"shipping-taxable","11":"product-type-simple"},"_links":{"self":[{"href":"https:\/\/kiosk.caves-guerin.fr\/index.php\/wp-json\/wp\/v2\/product\/447","targetHints":{"allow":["GET"]}}],"collection":[{"href":"https:\/\/kiosk.caves-guerin.fr\/index.php\/wp-json\/wp\/v2\/product"}],"about":[{"href":"https:\/\/kiosk.caves-guerin.fr\/index.php\/wp-json\/wp\/v2\/types\/product"}],"replies":[{"embeddable":true,"href":"https:\/\/kiosk.caves-guerin.fr\/index.php\/wp-json\/wp\/v2\/comments?post=447"}],"wp:featuredmedia":[{"embeddable":true,"href":"https:\/\/kiosk.caves-guerin.fr\/index.php\/wp-json\/wp\/v2\/media\/448"}],"wp:attachment":[{"href":"https:\/\/kiosk.caves-guerin.fr\/index.php\/wp-json\/wp\/v2\/media?parent=447"}],"wp:term":[{"taxonomy":"product_brand","embeddable":true,"href":"https:\/\/kiosk.caves-guerin.fr\/index.php\/wp-json\/wp\/v2\/product_brand?post=447"},{"taxonomy":"product_cat","embeddable":true,"href":"https:\/\/kiosk.caves-guerin.fr\/index.php\/wp-json\/wp\/v2\/product_cat?post=447"},{"taxonomy":"product_tag","embeddable":true,"href":"https:\/\/kiosk.caves-guerin.fr\/index.php\/wp-json\/wp\/v2\/product_tag?post=447"}],"curies":[{"name":"wp","href":"https:\/\/api.w.org\/{rel}","templated":true}]}}