{"id":445,"date":"2025-11-21T15:00:55","date_gmt":"2025-11-21T14:00:55","guid":{"rendered":"https:\/\/kiosk.caves-guerin.fr\/?post_type=product&#038;p=445"},"modified":"2025-11-21T15:02:17","modified_gmt":"2025-11-21T14:02:17","slug":"la-maison-du-rhum-tradition-anglaise-xo","status":"publish","type":"product","link":"https:\/\/kiosk.caves-guerin.fr\/index.php\/produit\/la-maison-du-rhum-tradition-anglaise-xo\/","title":{"rendered":"LA MAISON DU RHUM &#8211; TRADITION ANGLAISE XO"},"content":{"rendered":"<h2>45\u00b0 &#8211; 70cl &#8211; Origine Monde<\/h2>\n<p>V\u00e9ritable hommage au style anglais, ce rhum vieux XO, s\u00e9lectionn\u00e9 par La Maison du Rhum, est le fruit de l\u2019assemblage de rhums de Jama\u00efque, de Trinidad et de Sainte-Lucie.<br \/>\nQuelques esters accompagn\u00e9s de notes intenses de fruits compl\u00e8tent son profil aromatique riche et complexe. Chaque embouteillage est r\u00e9alis\u00e9 avec soin afin de pr\u00e9server le caract\u00e8re original de la cuv\u00e9e s\u00e9lectionn\u00e9e.<\/p>\n<p>NEZ<br \/>\nouvert, gourmand, fruits cuits, banane<\/p>\n<p>BOUCHE<br \/>\nfruits cuits, banane m\u00fbre<\/p>\n<p>FINALE<br \/>\nlongue, persistante<\/p>\n","protected":false},"excerpt":{"rendered":"<p>45\u00b0 &#8211; 70cl &#8211; Origine Monde V\u00e9ritable hommage au style anglais, ce rhum vieux XO, s\u00e9lectionn\u00e9 par La Maison du Rhum, est le fruit de l\u2019assemblage de rhums de Jama\u00efque, de Trinidad et de Sainte-Lucie. Quelques esters accompagn\u00e9s de notes intenses de fruits compl\u00e8tent son profil aromatique riche et complexe. Chaque embouteillage est r\u00e9alis\u00e9 avec<\/p>\n<div class=\"more-link\">\n             <a href=\"https:\/\/kiosk.caves-guerin.fr\/index.php\/produit\/la-maison-du-rhum-tradition-anglaise-xo\/\" class=\"theme-btn\"><span>Continue Reading <\/span><i class=\"bi bi-arrow-right\"><\/i><\/a>\n        <\/div>\n","protected":false},"featured_media":446,"comment_status":"open","ping_status":"closed","template":"","meta":[],"product_brand":[],"product_cat":[21],"product_tag":[],"class_list":{"0":"post-445","1":"product","2":"type-product","3":"status-publish","4":"has-post-thumbnail","6":"product_cat-rhums","8":"first","9":"instock","10":"shipping-taxable","11":"product-type-simple"},"_links":{"self":[{"href":"https:\/\/kiosk.caves-guerin.fr\/index.php\/wp-json\/wp\/v2\/product\/445","targetHints":{"allow":["GET"]}}],"collection":[{"href":"https:\/\/kiosk.caves-guerin.fr\/index.php\/wp-json\/wp\/v2\/product"}],"about":[{"href":"https:\/\/kiosk.caves-guerin.fr\/index.php\/wp-json\/wp\/v2\/types\/product"}],"replies":[{"embeddable":true,"href":"https:\/\/kiosk.caves-guerin.fr\/index.php\/wp-json\/wp\/v2\/comments?post=445"}],"wp:featuredmedia":[{"embeddable":true,"href":"https:\/\/kiosk.caves-guerin.fr\/index.php\/wp-json\/wp\/v2\/media\/446"}],"wp:attachment":[{"href":"https:\/\/kiosk.caves-guerin.fr\/index.php\/wp-json\/wp\/v2\/media?parent=445"}],"wp:term":[{"taxonomy":"product_brand","embeddable":true,"href":"https:\/\/kiosk.caves-guerin.fr\/index.php\/wp-json\/wp\/v2\/product_brand?post=445"},{"taxonomy":"product_cat","embeddable":true,"href":"https:\/\/kiosk.caves-guerin.fr\/index.php\/wp-json\/wp\/v2\/product_cat?post=445"},{"taxonomy":"product_tag","embeddable":true,"href":"https:\/\/kiosk.caves-guerin.fr\/index.php\/wp-json\/wp\/v2\/product_tag?post=445"}],"curies":[{"name":"wp","href":"https:\/\/api.w.org\/{rel}","templated":true}]}}