{"id":425,"date":"2025-11-21T14:37:05","date_gmt":"2025-11-21T13:37:05","guid":{"rendered":"https:\/\/kiosk.caves-guerin.fr\/?post_type=product&#038;p=425"},"modified":"2025-11-21T14:47:55","modified_gmt":"2025-11-21T13:47:55","slug":"coloma-alegria","status":"publish","type":"product","link":"https:\/\/kiosk.caves-guerin.fr\/index.php\/produit\/coloma-alegria\/","title":{"rendered":"COLOMA ALEGRIA"},"content":{"rendered":"<h2>40\u00b0 &#8211; 70cl &#8211; Origine Colombie<\/h2>\n<p>Le rhum vieux Coloma Alegria a \u00e9t\u00e9 imagin\u00e9 pour rendre hommage au deuxi\u00e8me pays le plus joyeux du monde : la Colombie.<br \/>\nColoma Alegria a d\u2019abord vieilli 6 ans en ex-f\u00fbts de Bourbon avant de b\u00e9n\u00e9ficier d\u2019un finish en ex-f\u00fbts ayant contenu une liqueur de caf\u00e9 bio de la vari\u00e9t\u00e9 Mokka. Cette vari\u00e9t\u00e9 de caf\u00e9 plus gourmande apporte au rhum Coloma Alegria des nuances de moka et de caf\u00e9 vert combin\u00e9es \u00e0 une vanille onctueuse.<\/p>\n<p>NEZ<br \/>\ncaf\u00e9, moka, caf\u00e9 vert, noisettes<\/p>\n<p>BOUCHE<br \/>\nonctueuse, vanille s\u00e9ch\u00e9e, moka<\/p>\n<p>FINALE<br \/>\ncaramel, \u00e9pices<\/p>\n","protected":false},"excerpt":{"rendered":"<p>40\u00b0 &#8211; 70cl &#8211; Origine Colombie Le rhum vieux Coloma Alegria a \u00e9t\u00e9 imagin\u00e9 pour rendre hommage au deuxi\u00e8me pays le plus joyeux du monde : la Colombie. Coloma Alegria a d\u2019abord vieilli 6 ans en ex-f\u00fbts de Bourbon avant de b\u00e9n\u00e9ficier d\u2019un finish en ex-f\u00fbts ayant contenu une liqueur de caf\u00e9 bio de la<\/p>\n<div class=\"more-link\">\n             <a href=\"https:\/\/kiosk.caves-guerin.fr\/index.php\/produit\/coloma-alegria\/\" class=\"theme-btn\"><span>Continue Reading <\/span><i class=\"bi bi-arrow-right\"><\/i><\/a>\n        <\/div>\n","protected":false},"featured_media":426,"comment_status":"open","ping_status":"closed","template":"","meta":[],"product_brand":[],"product_cat":[21],"product_tag":[],"class_list":{"0":"post-425","1":"product","2":"type-product","3":"status-publish","4":"has-post-thumbnail","6":"product_cat-rhums","8":"first","9":"instock","10":"shipping-taxable","11":"product-type-simple"},"_links":{"self":[{"href":"https:\/\/kiosk.caves-guerin.fr\/index.php\/wp-json\/wp\/v2\/product\/425","targetHints":{"allow":["GET"]}}],"collection":[{"href":"https:\/\/kiosk.caves-guerin.fr\/index.php\/wp-json\/wp\/v2\/product"}],"about":[{"href":"https:\/\/kiosk.caves-guerin.fr\/index.php\/wp-json\/wp\/v2\/types\/product"}],"replies":[{"embeddable":true,"href":"https:\/\/kiosk.caves-guerin.fr\/index.php\/wp-json\/wp\/v2\/comments?post=425"}],"wp:featuredmedia":[{"embeddable":true,"href":"https:\/\/kiosk.caves-guerin.fr\/index.php\/wp-json\/wp\/v2\/media\/426"}],"wp:attachment":[{"href":"https:\/\/kiosk.caves-guerin.fr\/index.php\/wp-json\/wp\/v2\/media?parent=425"}],"wp:term":[{"taxonomy":"product_brand","embeddable":true,"href":"https:\/\/kiosk.caves-guerin.fr\/index.php\/wp-json\/wp\/v2\/product_brand?post=425"},{"taxonomy":"product_cat","embeddable":true,"href":"https:\/\/kiosk.caves-guerin.fr\/index.php\/wp-json\/wp\/v2\/product_cat?post=425"},{"taxonomy":"product_tag","embeddable":true,"href":"https:\/\/kiosk.caves-guerin.fr\/index.php\/wp-json\/wp\/v2\/product_tag?post=425"}],"curies":[{"name":"wp","href":"https:\/\/api.w.org\/{rel}","templated":true}]}}