{"id":342,"date":"2025-11-21T10:07:33","date_gmt":"2025-11-21T09:07:33","guid":{"rendered":"https:\/\/kiosk.caves-guerin.fr\/?post_type=product&#038;p=342"},"modified":"2025-11-21T11:54:09","modified_gmt":"2025-11-21T10:54:09","slug":"ti-arranges-de-ced-bio-orange-citron","status":"publish","type":"product","link":"https:\/\/kiosk.caves-guerin.fr\/index.php\/produit\/ti-arranges-de-ced-bio-orange-citron\/","title":{"rendered":"TI ARRANG\u00c9S DE CED\u2019 BIO ORANGE &#8211; CITRON"},"content":{"rendered":"<h2>21\u00b0 &#8211; 70cl &#8211; Origine France<\/h2>\n<p>AR\u00d4ME<\/p>\n<p>Agrumes &#8211; Fruits tropicaux<\/p>\n<p>Une mac\u00e9ration 100% BIO qui invite au voyage avec une magnifique s\u00e9lection d\u2019oranges et de citrons cueillis \u00e0 la main au coeur<br \/>\nd\u2019une R\u00e9serve naturelle de la Biosph\u00e8re (Label UNESCO). C&rsquo;est un hommage gourmand aux agrumes et \u00e0 leur fra\u00eecheur. Au<br \/>\npremier plan, le bouquet aromatique est domin\u00e9 par des notes de fleur d\u2019oranger et une belle fra\u00eecheur port\u00e9e par le zest de<br \/>\ncitron. L\u2019attaque en bouche est dense et charnue. La puissance de ces agrumes conf\u00e8re \u00e0 l\u2019ensemble une puissance<br \/>\nmesur\u00e9e. La finale de bouche reste fraiche et gourmande.<\/p>\n","protected":false},"excerpt":{"rendered":"<p>21\u00b0 &#8211; 70cl &#8211; Origine France AR\u00d4ME Agrumes &#8211; Fruits tropicaux Une mac\u00e9ration 100% BIO qui invite au voyage avec une magnifique s\u00e9lection d\u2019oranges et de citrons cueillis \u00e0 la main au coeur d\u2019une R\u00e9serve naturelle de la Biosph\u00e8re (Label UNESCO). C&rsquo;est un hommage gourmand aux agrumes et \u00e0 leur fra\u00eecheur. Au premier plan, le<\/p>\n<div class=\"more-link\">\n             <a href=\"https:\/\/kiosk.caves-guerin.fr\/index.php\/produit\/ti-arranges-de-ced-bio-orange-citron\/\" class=\"theme-btn\"><span>Continue Reading <\/span><i class=\"bi bi-arrow-right\"><\/i><\/a>\n        <\/div>\n","protected":false},"featured_media":343,"comment_status":"open","ping_status":"closed","template":"","meta":[],"product_brand":[],"product_cat":[21],"product_tag":[],"class_list":{"0":"post-342","1":"product","2":"type-product","3":"status-publish","4":"has-post-thumbnail","6":"product_cat-rhums","8":"first","9":"instock","10":"shipping-taxable","11":"product-type-simple"},"_links":{"self":[{"href":"https:\/\/kiosk.caves-guerin.fr\/index.php\/wp-json\/wp\/v2\/product\/342","targetHints":{"allow":["GET"]}}],"collection":[{"href":"https:\/\/kiosk.caves-guerin.fr\/index.php\/wp-json\/wp\/v2\/product"}],"about":[{"href":"https:\/\/kiosk.caves-guerin.fr\/index.php\/wp-json\/wp\/v2\/types\/product"}],"replies":[{"embeddable":true,"href":"https:\/\/kiosk.caves-guerin.fr\/index.php\/wp-json\/wp\/v2\/comments?post=342"}],"wp:featuredmedia":[{"embeddable":true,"href":"https:\/\/kiosk.caves-guerin.fr\/index.php\/wp-json\/wp\/v2\/media\/343"}],"wp:attachment":[{"href":"https:\/\/kiosk.caves-guerin.fr\/index.php\/wp-json\/wp\/v2\/media?parent=342"}],"wp:term":[{"taxonomy":"product_brand","embeddable":true,"href":"https:\/\/kiosk.caves-guerin.fr\/index.php\/wp-json\/wp\/v2\/product_brand?post=342"},{"taxonomy":"product_cat","embeddable":true,"href":"https:\/\/kiosk.caves-guerin.fr\/index.php\/wp-json\/wp\/v2\/product_cat?post=342"},{"taxonomy":"product_tag","embeddable":true,"href":"https:\/\/kiosk.caves-guerin.fr\/index.php\/wp-json\/wp\/v2\/product_tag?post=342"}],"curies":[{"name":"wp","href":"https:\/\/api.w.org\/{rel}","templated":true}]}}